+ 1).
29
Suppose 18*v - 117503 + 14651 = 0. List the prime factors of v.
2, 2857
Let c be 3 - (7 + 0) - -18. Let o(s) = 8*s + 19. List the prime factors of o(c).
131
What are the prime factors of 98568/60 - (-3)/15?
31, 53
Let l(x) = -x**3 - 6*x**2 + 6*x - 8. Let z be 8*((-8)/(-4))/(-2). What are the prime factors of l(z)?
2, 3
Let k be ((-960)/100)/(1 - (-12)/(-10)). Let d = k - 33. List the prime factors of d.
3, 5
Suppose x - 535 = 2*k, 5*x + 15*k = 10*k + 2630. What are the prime factors of x?
23
Suppose -44*b = -43*b - 629. List the prime factors of b.
17, 37
Suppose -2*t - 5*r + 403 + 2190 = 0, -t + 2*r = -1283. What are the prime factors of t?
1289
Let h = 1433 + 4684. List the prime factors of h.
3, 2039
Let j = -295 + 204. Let z = j + 152. Let o = 87 - z. List the prime factors of o.
2, 13
Let y = -3834 - -5581. List the prime factors of y.
1747
Suppose -4*g + 0*g - 5*j - 17 = 0, -3*g + 11 = -j. Suppose 5*c + 35 - 100 = 0. List the prime factors of -2 + c - (g + -3).
2, 3
Suppose 20 + 7 = -3*d. List the prime factors of (-313)/d + 3/((-135)/(-10)).
5, 7
Let j(b) = -14*b**3 + 9*b**2 + 3*b + 16. What are the prime factors of j(-4)?
2, 3, 29
Let d be (-6)/((-49)/184 + 4/16). Suppose -4*m - 4*m = -d. What are the prime factors of m?
2, 23
Let u(q) = q**3 - 10*q**2 + 21*q + 72. What are the prime factors of u(14)?
2, 5, 23
Suppose -4692 = -6*m + 1386. List the prime factors of m.
1013
Let y(t) = 3*t - 15. Let o be y(4). List the prime factors of (39 - -2)*(-9)/o.
3, 41
What are the prime factors of -2 + 11548/6 + 240/(-144)?
17, 113
Let n = -40 + 73. Let l = 76 - n. What are the prime factors of l?
43
What are the prime factors of (-9124)/(-3) + (-592)/(-24) + -25?
3041
Let p(i) = -i**2 + 13*i + 14. Let k be p(13). Let l = 10 - k. What are the prime factors of -3 - l - 3 - -20?
2, 3
Suppose -4*x + b + 3*b + 632 = 0, 2*x - 304 = -4*b. Suppose -3*r + 3*w = -237, -4*w - 28 + x = 2*r. What are the prime factors of r?
2, 37
Let s = 31 + -39. List the prime factors of (-5)/(10/s) - (-145 + 2).
3, 7
Let l = 4 + -9. Let x be -6 + 4 + l/(-1). List the prime factors of (x + -1)/(2/18).
2, 3
Suppose -2*z = -5*s + 10, 3*s + 4*z - z = 27. Suppose 5*a = -s*k - 0*k - 108, -2*k - 4 = 0. List the prime factors of a/(-1) - (5 - 8).
23
Let u(t) = t**3 + 15*t**2 - t + 13. Let o be (32/(-12))/(2/3). Let x be 59/o + 1/(-4). What are the prime factors of u(x)?
2, 7
Let m(r) = 5*r**2 + 5*r - 2. Suppose 0 = -6*v + 2*v - 124. Let q = -28 - v. What are the prime factors of m(q)?
2, 29
Let h(y) = y - 4. Let f be h(12). Suppose -5*k - 38 = 2*v, 3*v + f = 2*k - 2*v. List the prime factors of (-1)/k + (-1532)/(-24).
2
Let y be (23 - -10) + (-3)/(-1). Suppose -5*i - y = 3*j + 39, -5*j + i = 97. List the prime factors of 312/5 + (-12)/j.
3, 7
Suppose 0 = -5*d - 3*l + 2190, 4*d = -4*l + 3*l + 1745. List the prime factors of d.
3, 5, 29
Let r(q) be the second derivative of -q**6/240 + 3*q**4/4 + 4*q. Let v(s) be the third derivative of r(s). List the prime factors of v(-7).
3, 7
What are the prime factors of (2 - 4)/(28/(-11312))?
2, 101
Suppose 11 = -4*j - 21. Let u(o) = o**3 + 9*o**2 - 5*o - 15. What are the prime factors of u(j)?
89
Let d be 2/4 + (-66)/(-12). Suppose -5*o + 10 = 0, -5*c + o - d*o + 450 = 0. Let t = c - 48. What are the prime factors of t?
2, 5
Suppose w - 2*t - 67 = -7*t, 5*t = -3*w + 231. Let a = -32 + w. List the prime factors of a.
2, 5
Let p(s) = s**3 - 3*s**2 + 6*s + 6. Let y be p(7). Let b = y - 159. What are the prime factors of b?
5, 17
Suppose 2807 = -47*a + 54*a. List the prime factors of a.
401
List the prime factors of -820*((-36)/54 + (-8)/6).
2, 5, 41
Suppose -2*x + 25 = -5*t - 15, -t + 3*x - 8 = 0. Let q(i) = 3*i**3 + 3*i**2 - 3*i - 3. Let g be q(-3). Let n = t - g. List the prime factors of n.
2, 5
Suppose 2*f - 540 = -2*k, 2*k + 305 + 490 = 3*f. What are the prime factors of f?
3, 89
Let k(d) = -2*d + 6 + 2 + 2 - 4*d. Suppose -10*v = -6*v + 20. What are the prime factors of k(v)?
2, 5
Let f(i) = i**2 + 4*i - 16. Let a be f(-7). Suppose -15 - a = -4*s. Suppose -3*q + q = -s*n - 91, -2*n + 2 = 0. List the prime factors of q.
2, 3
Let n = 12 + -14. Let b be n/(-3)*39/(-2). List the prime factors of (-158)/b + 12/(-78).
2, 3
Suppose 2*w = -3*h + 7*w - 1349, 899 = -2*h + 3*w. List the prime factors of (h/24)/((-1)/3).
2, 7
Suppose 0 = -4*x - 5*j + 10463, 2*x = x - 3*j + 2621. List the prime factors of x.
2, 653
Let c = -86 + 63. Let o = c + 79. List the prime factors of o.
2, 7
Suppose -p + 328 = 2*i, -5*i + 2*p = -0*i - 802. Suppose -4*o + i = -o. Suppose 5*z = 2*c - 5*c + o, -z + 3*c = 0. What are the prime factors of z?
3
Let c = 3317 + -1870. What are the prime factors of c?
1447
What are the prime factors of ((-231)/(-63))/((-1)/(-246))?
2, 11, 41
Suppose -w + 614 + 3849 = 4*v, 0 = 2*v + 5*w - 2245. List the prime factors of v.
5, 223
Suppose -5*q = 5, -4*a = -3*q + 532 - 3183. Suppose 113 - a = -3*x. List the prime factors of x.
3, 61
Suppose 2*u - 21 = -u. Let z(w) = 3*w + 9. Let s be z(-3). Suppose -5*f = 2*q - 53, s*q = q - 4*f - u. What are the prime factors of q?
19
Suppose -5*h + 50 - 10 = d, 5*h - 60 = 3*d. Suppose h*b - 130 = 4*b. List the prime factors of b.
2, 13
What are the prime factors of 8/4*-162*5/(-10)?
2, 3
Suppose -316 + 112 = 3*n. Let t = n + 132. What are the prime factors of t?
2
Suppose -2*l = -2, 2*w = -l + 6558 - 1059. List the prime factors of w.
2749
Let s(t) = 3*t**2 + 18*t - 8. Let f(o) = 10*o**2 + 54*o - 24. Let r(u) = -2*f(u) + 7*s(u). What are the prime factors of r(-20)?
2
Let b(w) be the third derivative of -w**5/60 - w**4/8 - w**3/6 + 5*w**2. Let c be b(-1). What are the prime factors of (18/(-15))/(c/(-25))?
2, 3, 5
Let m be ((-6)/12)/(2/(-20)). Suppose 5*v = u + 155, 89 = 5*v - 3*v + m*u. List the prime factors of v.
2
Suppose 6*k - 4*k = 6. Suppose f = 4*u + 16, k*u - u = -f - 8. What are the prime factors of 2*((-220)/(-8) + u)?
47
Let v = 25 + -10. Let d = v - 7. Suppose d = 5*x - x. What are the prime factors of x?
2
Let p be -3 - -2 - 8 - (-2 + -1). List the prime factors of (-609)/(-6) - (0 + (-9)/p).
2, 5
Let c = 28 - -596. Suppose 2*u = 15*u - c. What are the prime factors of u?
2, 3
Let b(c) = c**3 - 18*c**2 - 18*c - 17. Let j be 34/(-1 - -3) + -4 + 6. What are the prime factors of b(j)?
2
Let t(v) = 13*v + 5*v**3 - 14*v**2 + 7 - 3*v**3 - 3*v**3. Let g be t(-15). Suppose -3*c - 5*f + 173 = 0, 0 = -c + f - g + 108. What are the prime factors of c?
2, 3, 11
Let g(v) = 3*v**2. Let r be g(1). Suppose -20 - 62 = -2*a + 2*k, r*a - 115 = k. Suppose 0 = -2*s + 3*x + 36, x = 2*s - a + 9. List the prime factors of s.
2, 3
Suppose 19 = -4*z + 43. Suppose 4*m = 4*u + 280, -2*u + 208 = 3*m - z*u. What are the prime factors of m?
2, 3
Let m(g) = 4*g**3 + g. Let n be m(1). Let w(v) = -2*v + 15. What are the prime factors of w(n)?
5
Let m = -26 - -31. Suppose -3*q = m*b - q - 29, 5*q - 5 = b. What are the prime factors of b?
5
Let u = 5 + -11. Let h be 2/u + (-328)/(-12). Suppose h = y - 29. List the prime factors of y.
2, 7
Let g(s) = -s**3 + 13*s**2 - 2*s + 20. List the prime factors of g(10).
2, 3, 5
Suppose -4*b + 8332 = -2848. What are the prime factors of b?
5, 13, 43
Suppose -5*s = -4*q - 16, s = 2*q - 7*q + 9. Suppose -s*i = -3*i - 70. Suppose -4*r - i = -3*o, -5*o - r + 94 = -2*r. What are the prime factors of o?
2, 3
List the prime factors of 1/((-12655)/1582 + 8).
2, 7, 113
Let u(i) = 100*i**2 - i - 11. What are the prime factors of u(-2)?
17, 23
Let r be ((-3 + -2)/((-2)/(-158)))/1. Let s = -124 - r. What are the prime factors of s?
271
Let n(d) = -d**3 - 8*d**2 - 14*d. Let k = -7 - -1. What are the prime factors of n(k)?
2, 3
Suppose 2*x + 3*v - 75 = 0, 0 = x + 2*v + 3 - 41. Let k(t) = 2*t + 12. Let n be k(1). Suppose x = -n*d + 16*d. What are the prime factors of d?
2, 3
What are the prime factors of (3 + 2 + -9)*(-645)/6?
2, 5, 43
Suppose d - 3*x = 2402, 5*x - 1553 = 3*d - 8751. What are the prime factors of d?
2, 599
Let n = -8 + 11. Let i(j) = -j + 6. Let r be i(n). Suppose h + 3*x = -r*h + 23, x - 21 = -3*h. What are the prime factors of h?
2
Suppose 0*i = i - 47. What are the prime factors of i?
47
Suppose 0 = p - 5*l + 9*l - 2248, 11155 = 5*p + 3*l. List the prime factors of p.
2, 